ppose 2*b - 140 = -0*b. What are the prime factors of ((-1)/(-2))/(5/b)?
7
Let y(k) be the second derivative of k**3/6 + 3*k**2 + 2*k. What are the prime factors of y(0)?
2, 3
Let s = -59 + 47. Let v be 44/7 - 6/21. Let f = v - s. What are the prime factors of f?
2, 3
Let d(j) be the second derivative of -j**4/12 + 2*j**3/3 + 5*j**2/2 + 3*j. What are the prime factors of d(4)?
5
Suppose 5*s - 3*w + 6 = 2*s, 0 = 3*s + 3*w - 24. What are the prime factors of ((s + -95)/4)/(-1)?
23
Let i be (-3)/((-1)/(0 - -1)). Suppose 7 = i*r - 5. Suppose 3*y = -r*l + 34, l - 24 = -l + 2*y. What are the prime factors of l?
2, 5
Suppose -3*g = -g - 6. Suppose -g*c + 129 = 3*q, -3*q + 88 = 2*c - 38. What are the prime factors of q?
2, 5
Let m(j) = -j**2 - 8*j - 3. Let l be m(-3). Suppose 3*w = 2*r + l + 5, -5*r = -3*w + 2. Let v = 14 - w. What are the prime factors of v?
5
Suppose -o - 1 = 3. What are the prime factors of (20 - 8/o) + 2?
2, 3
Let a(o) be the first derivative of -o**4/4 - 2*o**3/3 - o**2 - o + 5. List the prime factors of a(-3).
2, 7
Let h be 0/3*(-2 + 1). Suppose -5*o - 40 = -5*w, h = -3*o - o - 16. List the prime factors of w.
2
Let l = 14 + -8. Suppose -r - 2*g = -2, -2*r - 4*g = -l*r + 32. List the prime factors of r.
2, 3
List the prime factors of (-39)/(-52) - 185/(-4) - 2.
3, 5
Let x = -168 - -456. What are the prime factors of x?
2, 3
Let u(o) = o**3 + 8*o**2 + 7*o - 6. Let q be u(-6). Let s = -16 + q. List the prime factors of s.
2
Suppose 17*b - 1782 = 6*b. List the prime factors of b.
2, 3
Suppose 2*q - 4 = 6. Suppose 2*g - 17 = 1. Let l = g - q. List the prime factors of l.
2
Let b(j) = -j**2 - 5*j - 1. Let o be b(-6). Let v(m) = -m**2 - 7*m + 1. Let q be v(o). Suppose -2*r = q - 15. What are the prime factors of r?
7
Let q = -3 - -3. Suppose 0 = b - 3*x - 6, -4*b - 2*x + x + 37 = q. What are the prime factors of b?
3
Let x(y) = y**3 - 14*y**2 + 12. Let n be 272/20 - (-2)/5. List the prime factors of x(n).
2, 3
Let l be (-2 + -4)/3 + 26. Suppose -2*r + 2*p = 2*r - l, r = -4*p - 3. Suppose -r*y + 16 = -y. List the prime factors of y.
2
Let p(n) = 2*n + 7. Let f be p(-5). Let v = 6 + f. Suppose -2*t - 8 = -v*t. List the prime factors of t.
2
Let c = -7 - -9. Suppose c*a - 6 = -2. Suppose a*i - 13 = i. What are the prime factors of i?
13
Suppose -70 = -9*s + 4*s. Suppose -3*i + s = -31. List the prime factors of i.
3, 5
Suppose 2*h + 1 + 1 = 4*c, 5*c = 10. Suppose -h*v = -0*v - 51. What are the prime factors of v?
17
Let m(i) = 4*i - 20. What are the prime factors of m(11)?
2, 3
Let s = -54 + 98. Suppose 4*o - 2*d - 72 = s, 5*o - 140 = 5*d. Suppose -4*g + o = -g + 3*z, -2*z - 46 = -4*g. What are the prime factors of g?
11
Let q(g) be the third derivative of -g**6/120 + g**5/15 + g**4/12 - g**3 - 2*g**2. Let n be q(4). Suppose n*k + 9 = 5*k. List the prime factors of k.
3
Let t = 36 + -6. What are the prime factors of t?
2, 3, 5
Let j = -41 + 18. Let m = -11 - j. List the prime factors of m.
2, 3
What are the prime factors of 1/(1/2) - (3 - 67)?
2, 3, 11
Let b = -136 + 196. List the prime factors of b.
2, 3, 5
Suppose 2*a - 6 = -0. Suppose a*s - 3*u = 21, -s + 1 = u - 8. What are the prime factors of s?
2
Suppose -3*i + 120 = 2*w + w, -w + 55 = 4*i. List the prime factors of w.
5, 7
Let h(v) = v**3 - 1. Let s(l) = l**3 + 8*l**2 + 10*l. Let b(a) = 2*h(a) - s(a). Let u be b(8). What are the prime factors of u/(-8) - 2/8?
2, 5
Suppose 5 = 2*h + 4*k - 3, -4*k - 8 = -2*h. Suppose h*c = 2*c + 30. List the prime factors of c.
3, 5
Let b be 1/3 - (-23)/3. What are the prime factors of 34/9 - b/(-36)?
2
What are the prime factors of (1/(-1))/(17/(-1547))?
7, 13
Let k = -186 - -322. List the prime factors of k.
2, 17
Suppose -3*j = -4*j - 1. Let m = 1 - j. Suppose 3*r - 3 = m*r. List the prime factors of r.
3
Let b(v) = -v**2 + 4*v. Let y be b(4). Suppose y = 2*f - 20 - 4. Suppose -3*z + f = 5*h, 5*z + h + 10 = 30. List the prime factors of z.
2
Suppose 0 = 5*q - 4*q. Suppose 5*f = -2*h - q*h + 19, 0 = 2*f - 2. What are the prime factors of h?
7
Suppose 0 = 3*y - 4*w - w - 952, -1564 = -5*y - 3*w. What are the prime factors of y?
2, 157
Suppose -4 = -x - 2. Let z = 2 - x. Suppose z = -4*u + 28 - 4. What are the prime factors of u?
2, 3
Suppose -3 = -2*o - 0*q - 5*q, -3*o = q - 11. Suppose u = o*p - 31, -2*u + 32 = 5*p - u. List the prime factors of p.
7
Let u(f) = f**2 + f - 1. Suppose 4*a - 5 = v + 13, -14 = -5*a - 3*v. What are the prime factors of u(a)?
19
Suppose -16 = -2*r + 4*r. Let m = 16 + r. What are the prime factors of m?
2
Let u(r) = r**2 - 2*r - 16. What are the prime factors of u(-7)?
47
Suppose 13 = -2*b + 5*b - n, b + 3*n + 9 = 0. Let w(r) = -r - 4. Let f be w(b). Let p = f + 14. List the prime factors of p.
7
Let d(w) = -3*w**2 + 2*w + 1. Let j(u) = -16*u**2 + 11*u + 6. Let i(o) = -22*d(o) + 4*j(o). Let f be i(2). List the prime factors of 6/f - 22/(-5).
5
Let d(n) = -n**2 + 6. Let a be d(0). Let w(k) = -4*k + k - a - 2. List the prime factors of w(-6).
2, 5
Let p(h) = -2*h + 1. Let r be p(-3). Let t = r + -6. What are the prime factors of (-8)/(t + 6/(-4))?
2
Suppose -11 = -r - 2. Let u be 4/(-12)*(0 + -6). Suppose -a + u*a = r. List the prime factors of a.
3
Let a be (8/(-5))/((-2)/35). Suppose 3*b = -4 + a. Suppose 3*v = -d + 35, b = 2*v - 0. What are the prime factors of d?
23
Let w(a) = 30*a + 6. Suppose 0*k - 3*k + 4*t = -18, 0 = -2*k + 5*t + 12. Let q be w(k). List the prime factors of q/15 - 6/15.
2, 3
Let n(z) = 21*z**2 + 3*z + 3. What are the prime factors of n(-4)?
3, 109
Let h = 2 + 0. List the prime factors of 5/10 - (-19)/h.
2, 5
Suppose y = t, 0 = 2*y + t - 10 - 5. Suppose m + 3*v = 2, -y*m + 4*v = -10*m + 65. List the prime factors of m.
17
Let x = -4 + -1. Let s(d) = d + 7. Let w be s(5). Let b = w + x. List the prime factors of b.
7
Suppose -28 = 5*i - 8. Let t be -9 - (-1)/((-2)/(-2)). What are the prime factors of (-2)/(-2) + t/i?
3
Suppose -2*l + 83 - 17 = 3*j, -2*l = 0. List the prime factors of j.
2, 11
Let t be (-21)/(-9)*3 - 3. Let h be (-3 + 0)*(-4)/(-6). Let f = t + h. List the prime factors of f.
2
Let f = -57 - -174. List the prime factors of f.
3, 13
Let z be (-18)/(-63) - (-19)/7. List the prime factors of 15*(168/20)/z.
2, 3, 7
Let p(x) = x. Let v be p(-2). What are the prime factors of (v - -95)*2/6?
31
Let x(t) = t**2 - 2*t. Let b be x(-2). Let f = -1 + b. What are the prime factors of f?
7
Let r(z) = -z**3 - 3*z**2 - 3*z + 1. Let u be r(-3). Let l(o) = o + 3. Let p be l(-5). List the prime factors of 1/(p/4) + u.
2
Suppose -3*i - 8 = 4*z - 184, 3*z - 132 = 4*i. Suppose -16 = 4*n - z. List the prime factors of n.
7
Let b be (2/4*0)/2. Let q(n) = -7*n**3 + 7*n**2 - 5*n + 1. Let f(i) = -8*i**3 + 8*i**2 - 6*i + 2. Let d(w) = 6*f(w) - 7*q(w). List the prime factors of d(b).
5
Let k be (-51)/(-3*1)*4. Suppose 2*q + 4*j = 18 + 22, 5*q = -2*j + k. What are the prime factors of q?
2, 3
Suppose 3*p - p - 4 = 0. Let o = 3 + p. List the prime factors of o.
5
List the prime factors of 16/(-4) + (100 + -1 - 4).
7, 13
What are the prime factors of 0 - 2*(-3 - 3)?
2, 3
Let p be (-108)/(-21)*(-42)/(-9). Suppose 0*n + p = 2*n. What are the prime factors of n?
2, 3
Suppose o - 7 + 0 = 0. What are the prime factors of o?
7
Let o be 2 - 2 - 0 - -5. Suppose -3*k + 4*v = o*v - 48, k - 5*v = 0. What are the prime factors of k?
3, 5
List the prime factors of 15/(-35) + (-8800)/(-35).
251
Let w(k) = k**2 - 6*k + 6. Let f = 16 - 10. List the prime factors of w(f).
2, 3
Let j(b) = 3*b**2 + 6*b - 5. Let y be j(4). Let m = y + -223. List the prime factors of ((-4)/(-6))/((-8)/m).
13
Suppose 155 = c + o, o + 16 = 5*o. What are the prime factors of c?
151
Let z(m) = -m**2 + 13*m - 12. Let b be z(12). Suppose 3*v + b*v = 63. What are the prime factors of v?
3, 7
Let i be ((-60)/18)/(2/6). Let p be 2*48/(-15)*i. Suppose -3*s - s + p = 0. What are the prime factors of s?
2
Let i = -1 - -8. List the prime factors of i.
7
Let s(h) = -h**3 - 9*h**2 + 10*h - 1. Let u be s(-10). Let a be (u + (-50)/(-8))*4. Suppose -2*j = 2*t + 2, t = -3*j + 6*t + a. What are the prime factors of j?
2
Suppose 3*j + 182 = 5*r + 518, 5*j - 560 = -3*r. What are the prime factors of j?
2, 7
Suppose -4*l = -3*v + 2, 2*v = 5*v + 3*l - 9. List the prime fa